{"id":249,"date":"2023-11-24T14:08:58","date_gmt":"2023-11-24T13:08:58","guid":{"rendered":"https:\/\/obchod.vcelarstvimisa.cz\/?post_type=product&#038;p=249"},"modified":"2023-11-24T15:45:10","modified_gmt":"2023-11-24T14:45:10","slug":"vyrobky-z-vceliho-vosku-ul-svicka","status":"publish","type":"product","link":"https:\/\/obchod.vcelarstvimisa.cz\/?product=vyrobky-z-vceliho-vosku-ul-svicka","title":{"rendered":"V\u00fdrobky z v\u010del\u00edho vosku &#8211; \u00fal, sv\u00ed\u010dka"},"content":{"rendered":"","protected":false},"excerpt":{"rendered":"<p>V\u00fdrobky z v\u010del\u00edho vosku &#8211; \u00fal, sv\u00ed\u010dka<br \/>\n<strong>Pro objedn\u00e1vku n\u00e1s pros\u00edm kontaktujte na telefonu 731 495 708, nebo emailem: info@vcelarstvimisa.cz, z d\u016fvodu dostupnosti. D\u011bkujeme za pochopen\u00ed.<\/strong><\/p>\n","protected":false},"featured_media":250,"template":"","meta":[],"product_cat":[25],"product_tag":[],"_links":{"self":[{"href":"https:\/\/obchod.vcelarstvimisa.cz\/index.php?rest_route=\/wp\/v2\/product\/249"}],"collection":[{"href":"https:\/\/obchod.vcelarstvimisa.cz\/index.php?rest_route=\/wp\/v2\/product"}],"about":[{"href":"https:\/\/obchod.vcelarstvimisa.cz\/index.php?rest_route=\/wp\/v2\/types\/product"}],"wp:featuredmedia":[{"embeddable":true,"href":"https:\/\/obchod.vcelarstvimisa.cz\/index.php?rest_route=\/wp\/v2\/media\/250"}],"wp:attachment":[{"href":"https:\/\/obchod.vcelarstvimisa.cz\/index.php?rest_route=%2Fwp%2Fv2%2Fmedia&parent=249"}],"wp:term":[{"taxonomy":"product_cat","embeddable":true,"href":"https:\/\/obchod.vcelarstvimisa.cz\/index.php?rest_route=%2Fwp%2Fv2%2Fproduct_cat&post=249"},{"taxonomy":"product_tag","embeddable":true,"href":"https:\/\/obchod.vcelarstvimisa.cz\/index.php?rest_route=%2Fwp%2Fv2%2Fproduct_tag&post=249"}],"curies":[{"name":"wp","href":"https:\/\/api.w.org\/{rel}","templated":true}]}}