{"id":20,"date":"2020-11-02T17:20:12","date_gmt":"2020-11-02T16:20:12","guid":{"rendered":"https:\/\/obchod.vcelarstvimisa.cz\/?post_type=product&#038;p=20"},"modified":"2023-11-17T17:26:17","modified_gmt":"2023-11-17T16:26:17","slug":"med-kvetovy-950-gramu","status":"publish","type":"product","link":"https:\/\/obchod.vcelarstvimisa.cz\/?product=med-kvetovy-950-gramu","title":{"rendered":"Med kv\u011btov\u00fd 950gr."},"content":{"rendered":"","protected":false},"excerpt":{"rendered":"<p>MED je vz\u00e1cn\u00fd p\u0159\u00edrodn\u00ed l\u00e9k a potravina, kterou lid\u00e9 znali u\u017e v d\u00e1vn\u00e9 minulosti. V\u011bdci odhaduj\u00ed, \u017ee v\u010dely se vyskytovaly na na\u0161\u00ed planet\u011b p\u0159ed v\u00edce ne\u017e 80 miliony let. Ji\u017e antick\u00fd l\u00e9ka\u0159 Hippokrates doporu\u010doval med jako z\u00e1zra\u010dn\u00fd v\u0161eobecn\u00fd l\u00e9k.<br \/>\nMed dod\u00e1v\u00e1 t\u011blu energii bez zat\u011b\u017eov\u00e1n\u00ed tr\u00e1v\u00edc\u00edho traktu. Med je velmi rychle straviteln\u00fd a rychle pronik\u00e1 do krve. P\u016fsob\u00ed jako protijed na kofein, alkohol a tablety proti bolestem hlavy. Sni\u017euje hore\u010dku, p\u016fsob\u00ed proti k\u0159e\u010d\u00edm, antisepticky na d\u00fdchac\u00ed syst\u00e9m, \u010dist\u00ed krev, regeneruje j\u00e1tra, uklid\u0148uje a odstra\u0148uje nespavost.<br \/>\nMed obsahuje jednoduch\u00e9 cukry, 13 druh\u016f aminokyselin v\u010detn\u011b esenci\u00e1ln\u00edch, tak\u00e9 rostlinn\u00e9 b\u00edlkoviny z nektaru rostlin, ale tak\u00e9 \u017eivo\u010di\u0161n\u00e9 z hltanov\u00fdch \u017el\u00e1z v\u010del. D\u016fle\u017eitou sou\u010d\u00e1st\u00ed jsou vitam\u00edny- p\u0159edev\u0161\u00edm provitam\u00edn A, vitam\u00edny skupiny B, C, D, H, K, P a miner\u00e1ln\u00ed l\u00e1tky. D\u00e1le stopov\u00e9 prvky, jako jsou v\u00e1pn\u00edk, ho\u0159\u010d\u00edk, drasl\u00edk, sod\u00edk, \u017eelezo, k\u0159em\u00edk, st\u0159\u00edbro, zinek, chrom, jod a dal\u0161\u00ed. N\u00e1\u0161 organismus um\u00ed velmi dob\u0159e str\u00e1vit a vyu\u017e\u00edt v\u0161echny l\u00e1tky, kter\u00e9 v medu jsou.<\/p>\n","protected":false},"featured_media":176,"template":"","meta":[],"product_cat":[16],"product_tag":[],"_links":{"self":[{"href":"https:\/\/obchod.vcelarstvimisa.cz\/index.php?rest_route=\/wp\/v2\/product\/20"}],"collection":[{"href":"https:\/\/obchod.vcelarstvimisa.cz\/index.php?rest_route=\/wp\/v2\/product"}],"about":[{"href":"https:\/\/obchod.vcelarstvimisa.cz\/index.php?rest_route=\/wp\/v2\/types\/product"}],"wp:featuredmedia":[{"embeddable":true,"href":"https:\/\/obchod.vcelarstvimisa.cz\/index.php?rest_route=\/wp\/v2\/media\/176"}],"wp:attachment":[{"href":"https:\/\/obchod.vcelarstvimisa.cz\/index.php?rest_route=%2Fwp%2Fv2%2Fmedia&parent=20"}],"wp:term":[{"taxonomy":"product_cat","embeddable":true,"href":"https:\/\/obchod.vcelarstvimisa.cz\/index.php?rest_route=%2Fwp%2Fv2%2Fproduct_cat&post=20"},{"taxonomy":"product_tag","embeddable":true,"href":"https:\/\/obchod.vcelarstvimisa.cz\/index.php?rest_route=%2Fwp%2Fv2%2Fproduct_tag&post=20"}],"curies":[{"name":"wp","href":"https:\/\/api.w.org\/{rel}","templated":true}]}}